-65)/15)?
6
Let y = -286 - -278. Let j(r) = 8*r**2 - 60*r + 6. What is the hundreds digit of j(y)?
9
Suppose -33*r = 18487 + 31211. Let j = -483 - r. What is the units digit of j?
3
Suppose 1909 = 5*y - 491. What is the units digit of y - (7 + -2 - 13/13)?
6
Let s = 2380 + -1821. What is the tens digit of s?
5
Let i(v) = 95*v + 59. Let h(x) = 192*x + 120. Let w(l) = 3*h(l) - 7*i(l). What is the tens digit of w(-13)?
0
Let t = 114 - 109. Suppose -n = -3*n + 2*u + 2, -2*u + 19 = 5*n. Suppose -n*h = t*h - 160. What is the units digit of h?
0
Let y = 6108 - 188. What is the hundreds digit of y?
9
Let q be ((4 - 4)/(-3) - 3) + 21. What is the units digit of (q/(-4))/(4/(-8) - 0)?
9
What is the tens digit of (-25280)/(-10) + -6 - -1*(-4 - -6)?
2
Suppose -r - 1 - 1 = 4*j, 4*j = -2*r + 4. What is the tens digit of ((-32)/40)/(r/(-1185))?
5
Let f be (-3 - -1) + 1 + -7. Let d be 17 + 6/(0 + f/(-4)). Suppose -2*h + 64 = d. What is the tens digit of h?
2
Suppose -5*s - 5*j = 370, -3*s - 28 - 195 = 4*j. Let d = 80 + s. Suppose 9*k - 16 = -d. What is the units digit of k?
1
Suppose 2*d + 2*y = -1312, 4*y - 3262 = 18*d - 13*d. Let c = -154 - d. What is the units digit of c?
0
Let i(x) = -2*x - 2*x**3 - 4*x**2 - 7*x**2 + 3*x**2 + 0*x**2 - 10. What is the units digit of i(-8)?
8
Let u(a) = 58*a - 221*a - 591*a + 141 - 173. What is the units digit of u(-1)?
2
Let q(b) = b**3 - 10*b**2 + 3*b - 22. Let n be q(10). Suppose 175 = n*k - 113. Suppose -k*u + 41*u = 60. What is the units digit of u?
2
Let y be 6/(-3)*90/(-36). Suppose 5*w = -25, y*q - 1325 = w + 4*w. What is the tens digit of q?
6
Let n(p) = -p**3 - 44*p**2 - 62*p - 71. What is the tens digit of n(-43)?
4
Let m(t) = -1. Let l(k) = 98*k + 4. Let y(r) = l(r) - 2*m(r). Let w be y(2). Let h = -63 + w. What is the tens digit of h?
3
Let u(m) = 154*m**2 - 1. Let d be u(1). Suppose d = -3*g - 561. What is the units digit of 4*5/(-40)*g?
9
Let n(a) = -1079*a - 1029. What is the units digit of n(-5)?
6
What is the ten thousands digit of 246181/13 + -4 - -14?
1
Suppose -13*y + 20 = -18*y. Let t(u) = 25*u**2 - 11*u - 68. What is the tens digit of t(y)?
7
Let w = 12650 - 7555. What is the hundreds digit of w?
0
Let a be 535488/40 + (-12)/10. What is the tens digit of 12/32 - (a/16)/(-1)?
3
What is the hundreds digit of 7529/1 + (9 - (-15 + 27))?
5
Suppose -34*d + 10 = -29*d. Suppose -14 = 4*z - d, -4*t = -z - 695. What is the units digit of t?
3
Let u(m) = -m**3 + 13*m**2 + 17*m - 56. Let b be u(7). Let c = b - -151. What is the hundreds digit of c?
5
Let c be (-1 + 3)*-2 + 31. Suppose 0 = -23*v + c*v - 5352. What is the thousands digit of v?
1
Suppose 4*f + 0*f - 16 = 0, 22736 = 4*u + 5*f. What is the tens digit of u?
7
What is the hundreds digit of (10/2 + -648)/(3/(-27))?
7
Let q(x) = -x**2 + 22*x + 27. Let c be q(23). Suppose 3*y = c*y - 5. Suppose -y*p - 188 = -9*p. What is the units digit of p?
7
What is the tens digit of (-4)/8*-404*(7 - 54/9)?
0
Let f = 584 - -178. Suppose -4*h - f = -5*v + 1458, 3*v + h = 1332. What is the units digit of v?
4
Let t(w) = -43*w**3 + w**2 + 2*w + 1. Let z be (-7)/(-28)*6*-2. What is the hundreds digit of t(z)?
1
Suppose -2*g - 2*x = -3*g - 15, -5*x = 3*g + 34. Let j(p) = 7*p + 5*p**2 - 7*p**2 + p**3 - 5 + 16*p**2 - 7. What is the tens digit of j(g)?
6
Let w = 187 + -61. Let i(x) = -x**2 + x + 177. Let l be i(0). Let a = l - w. What is the tens digit of a?
5
Let u be ((-20)/(-70))/((-2)/(-28)). Let g be (-1 - (u - 1)) + (-191)/(-1). Suppose 5*v - g = 4*v. What is the tens digit of v?
8
Let m(j) = 505*j**2 + 156*j + 638. What is the units digit of m(-4)?
4
Suppose -124*u + 1089762 = -11*u - 26*u. What is the tens digit of u?
2
Suppose 210*s = 107*s + 105*s - 23612. What is the hundreds digit of s?
8
Let l(t) be the third derivative of 0 + 0*t + 1/24*t**4 + 13/3*t**3 + 16*t**2. What is the tens digit of l(-16)?
1
Suppose -4*b + 1999 = 4*s - 5401, -4*s - 3*b = -7397. What is the tens digit of (-12)/16 + s/4?
6
Suppose 35*a - 4*j = 36*a - 7048, -2*j - 35130 = -5*a. What is the units digit of a?
8
Suppose 41*o = 39*o - 72. Let d be 8/(160/o)*-10. Suppose -4099 + 1075 = -d*g. What is the units digit of g?
8
Let g(v) = 2*v + 8. Let m be g(-6). Let r be 1/m*(-2 + -2). What is the tens digit of 12 + r + -4 - -4?
1
Let j = -18 + 22. Suppose j*y + 0 - 8 = 0. Suppose 5*r - 722 = 4*h, -5*r + 734 = -y*h + 4*h. What is the units digit of r?
6
Suppose 0 = -2*c + 4*l + 28, -4*c + 11 + 35 = -3*l. What is the tens digit of 4026/c + 30/75?
0
Let f = -510 - -837. Suppose -10*o - 283 = f. Let d = o + 148. What is the units digit of d?
7
Suppose 2*g - 3*z + 73 = 0, 0*z + 2*z = -g - 40. Suppose -2*o = -66 - 32. Let h = o + g. What is the units digit of h?
1
Suppose 0 = 66*u - 55*u - 14531. What is the tens digit of u?
2
Suppose -8 = -4*m - 4. Let o(g) be the second derivative of 15*g**4/2 + 2*g**3/3 - g**2 + 20*g. What is the units digit of o(m)?
2
Let x(z) = -z**3 - 17*z**2 - 8*z - 3. Let p be x(-17). Let j = 41 + -82. Let v = p + j. What is the tens digit of v?
9
Suppose -3*b + 5*i + 23 + 12 = 0, b = -3*i + 35. Suppose -15*u = -b*u - 135. Let a = 37 + u. What is the units digit of a?
0
Let h = 1863 - 536. What is the hundreds digit of h?
3
Let z(g) = g**2 - 4*g - 8. Let r be z(-2). Let m be (-1 + 0 - r) + 2. Let v(y) = 2*y**2 + 5*y + 4. What is the units digit of v(m)?
7
Let g = 66 - 63. Suppose 0 = 3*a, -2*a + 10 = -u + g*u. Suppose h + 344 = 5*h - 4*q, -5*h - u*q + 420 = 0. What is the tens digit of h?
8
Suppose 18*h = 17*h + 128. Let w = -122 + h. Suppose 0 = -w*c + 88 + 1532. What is the units digit of c?
0
Suppose -392*y + 394*y - 4 = 0. Let q = 110 - -221. Suppose 5*v = -4*w + q, w - 5*w = -y*v - 338. What is the tens digit of w?
8
Suppose -155339 = 463*b - 467*b - j, 0 = b - j - 38841. What is the hundreds digit of b?
8
Suppose -9*h + 5511 = -36600. What is the hundreds digit of h?
6
Suppose -4*j - 3 - 61 = -f, -3*j + f = 49. Let o be j/10*(5 - 1). What is the units digit of (-2 - (-28)/o)*288/(-40)?
8
Suppose 0 = -2*f - f + 63. Suppose 0 = 15*s - f*s + 3444. What is the units digit of s?
4
Let a(d) = -90*d + 2316. What is the hundreds digit of a(-5)?
7
Let p = 14403 - 11433. What is the hundreds digit of p?
9
Let a(z) = 18*z**2 - 3*z - 32. Let t be ((126/(-6))/(-7))/(1/2). What is the units digit of a(t)?
8
Let o = -3518 - -8984. What is the hundreds digit of o?
4
What is the tens digit of ((-10 - -5)*25)/(-1)?
2
Let c(f) = -5*f + 73. Suppose 2*g - 65 = t, -5*t + 0*t = -3*g + 115. Let l = -30 + g. What is the units digit of c(l)?
3
Let o = -42910 - -64584. What is the tens digit of o?
7
Let s be 440/(((-40)/(-25))/4). Suppose 935 = 11*h - s. What is the units digit of h?
5
Let s = 2805 + 4652. What is the thousands digit of s?
7
Let k be 12/(-2) - -5*(-18954)/65. What is the units digit of (k/(-18))/(-4)*-45?
5
Suppose -10*y - 78 = -8*y. Let t be (y - -34) + 1*5. Suppose -5*z - h + 822 = t, 324 = 5*z - 3*z - 2*h. What is the tens digit of z?
6
Let n(c) = -c + 8. Let q be n(5). Let a be ((-33)/9 + q)*-192. Let v = a - 47. What is the tens digit of v?
8
Let i(d) = -d**2 - 8*d + 1. Let c be i(-7). What is the units digit of (c/16)/(1/(-4)) + 271?
9
Let k be (-10)/3 - (2 + (-30)/9). Let l(i) = -2*i**3 + 4*i. Let t be l(k). Suppose -t = -2*m, -177 = -4*h - 3*m + 567. What is the units digit of h?
3
Let z = -3065 + 3589. What is the units digit of z?
4
Suppose -3*u = 5*d - 18 - 9, 13 = -d + 4*u. Let c be (-250)/(-4) - (-1)/(-2). Suppose 49 = l - 7*z + d*z, 2*l + z = c. What is the units digit of l?
3
Suppose -1 = 3*o - 25. Suppose z - o = -3*z. Suppose 240 = m + z*m. What is the tens digit of m?
8
What is the tens digit of (-1 + -3)/((-1)/33974*8)?
8
Suppose -21*o + 4*w = -23*o + 19488, -2*o + 19488 = 5*w. What is the tens digit of o?
4
Suppose -8*g + 32*g - 31996 = 5*g. What is the thousands digit of g?
1
Let f be (10 - 16)*6/(-4). Let t be (2 - 24/f) + (-852)/(-9). Let h = 62 + t. What is the units digit of h?
6
Let u(q) be the third derivative of q**6/120 - q**5/10 - q**4/24 + 113*q**3/3 - 139*q**2. What is the units digit of u(0)?
6
Let u be (4 - -4 - -56) + 7. Let c = u + 274. What is the hundreds digit of c?
3
Let a(g) = 1020*g + 3033. What is the tens digit of a(17)?
7
Let q be 17 + 